 13*z**2 - 3*z + 31. What is the units digit of t(-13)?
0
Let y(h) be the second derivative of h**4/6 - 2*h**3/3 + h**2 + 3*h. What is the units digit of y(2)?
2
Let z = -39 - -45. What is the units digit of z?
6
Let z be (-39)/(-12) - 5/20. What is the tens digit of z/(-6)*2 - -24?
2
Suppose -116 = 4*k - 5*h, 2*k - 4*h + 80 = -7*h. Let z = k - -52. What is the tens digit of z?
1
What is the tens digit of 15/(-1 - 4) - -115?
1
Let c(s) = -s**3 + 4*s**2 - 3*s + 4. Suppose -2*v = v - 9. Let b be c(v). Suppose -8 = -b*n + 36. What is the units digit of n?
1
Suppose 0 = h - 6*h + 15. Suppose -5*s - 2 = -h*s. Let b = s + 7. What is the units digit of b?
6
Let d = 233 - 85. Let s = d + -89. What is the units digit of s?
9
Let h = -4 + 7. Suppose -2*q - 4*s - 26 = -4*q, -5*q = -h*s - 44. What is the units digit of q?
7
Suppose 5*u = -p - 0 + 11, 9 = 5*u - p. Suppose -2*w - u*w + 44 = 0. What is the tens digit of w?
1
Suppose 2*x = -3*x + 60. Let a = 20 - x. What is the units digit of a?
8
Let y(h) = -h**2 + 16*h + 4. What is the units digit of y(16)?
4
Let h(m) = -28*m - 22. What is the tens digit of h(-4)?
9
Suppose 5*q - 2 = 2*w, 26 = 4*w - 0*w + 5*q. Suppose 0 = -3*s - v + 12, -v = -s - w*v + 4. Let p(y) = -y**2 + 7*y - 4. What is the units digit of p(s)?
8
Let w = 4 + 1. Suppose p - 10 = -p + 3*o, -25 = -w*p - o. Suppose 2*a + 2*c - 20 = 0, 7 + 3 = a - p*c. What is the tens digit of a?
1
Let p be (-58)/4 + (-6)/12. Let y = p + 7. Let t(o) = -o**2 - 10*o - 10. What is the units digit of t(y)?
6
Suppose 0 = -2*i - 3*n, 0 = i + 3*i + 2*n. Let h be (i - 0)*1/(-3). Suppose h = z - 3*z, -2*c = -z - 24. What is the units digit of c?
2
Let h(o) = -88*o - 76. Let n(d) = -8*d - 7. Let u(c) = 3*h(c) - 32*n(c). What is the units digit of u(-3)?
0
Let v(s) = 4*s**2 - 11*s + 8. Let n(f) = -5*f**2 + 12*f - 8. Let h(l) = -3*n(l) - 4*v(l). Let r be (-16)/6*(-9)/4. What is the units digit of h(r)?
4
What is the units digit of ((-2)/4)/(9/(-90))?
5
What is the units digit of ((-14)/3)/(4/(-6))?
7
Suppose w + 7*d - 32 = 10*d, -d = 3*w - 136. What is the tens digit of w?
4
Suppose -2*s = 2*n + 3*n - 263, 0 = -2*s + 2*n + 242. What is the hundreds digit of s?
1
Let y(x) = x**3 - 2*x**2 - 2*x + 2. Let h be y(2). What is the units digit of 2/(h + 0 + 3)?
2
Suppose 4*n + 8 = -4*v - n, 0 = n. Let d = 42 + v. What is the tens digit of d?
4
What is the units digit of (-1)/3*(-1 - 62)?
1
Let l(y) = y**3 + 7*y**2 + 7*y + 6. Let f be l(-5). Let q = 36 - f. What is the tens digit of q?
1
Let w(x) = -2*x. Let y be w(-5). Suppose 0 = 3*o + y - 28. Suppose m + o = 3*m. What is the units digit of m?
3
Let r(g) be the second derivative of g**5/10 - g**4/4 + g**3/6 + g**2/2 + 4*g. Suppose -j - 4*t - 2 = 0, 5*t = -j + 3*t. What is the units digit of r(j)?
7
Suppose 7 = -5*j + 42. Let x(y) = 5*y**3 - 3*y**3 - j - 5*y - 3*y**3 + 8*y**2. What is the units digit of x(7)?
7
Suppose -39 = 2*t - 3*t. What is the tens digit of t?
3
Let w(f) = -f + 4. Let s be w(-7). Suppose 0 = -n + 9 + s. What is the units digit of n?
0
Let w(k) = k**3 + 16*k**2 + 13*k - 21. What is the units digit of w(-15)?
9
Let v(n) = -107*n**3 - n**2 - n + 1. What is the tens digit of v(-1)?
0
Let n = 1 - 85. Let z be 2/(-4) + n/(-8). Let y = 16 - z. What is the units digit of y?
6
Let c be ((-8)/(-1))/((-11)/(-44)). Let k = c + -7. What is the units digit of k?
5
Let s = 5 + 0. Suppose 0 = -s*i - 4*r + 70, -5*i = -4*r - 94 - 16. What is the units digit of i?
8
Suppose 0 = g - 5 - 27. What is the tens digit of g?
3
Let i(r) be the second derivative of -r**3/3 - 7*r**2/2 + 7*r. What is the units digit of i(-10)?
3
Let n(y) = -y**2 - 17*y + 5. What is the tens digit of n(-14)?
4
Suppose -8 = -3*w - 2*u + 3, 4*w - 2*u = -4. Suppose 0 = -v + w + 8. What is the units digit of v?
9
Suppose -4*s - 3*w = -0*s - 780, -5*s - 2*w = -968. What is the units digit of s?
2
Suppose h = 67 - 23. What is the tens digit of h?
4
Let o = 54 + -11. What is the tens digit of o?
4
Suppose 0 = -2*w + 2*x + x + 85, 2*w - 75 = x. Let k be (2 - 8)/((-6)/4). Suppose 2*f - w = 5*r, k*f - r = 2*r + 49. What is the tens digit of f?
1
What is the units digit of ((1 - 0)/(-2))/(2/(-1012))?
3
What is the units digit of (2/4)/(2/40)?
0
What is the tens digit of 344/1 + (-5 - (-2 - 3))?
4
Suppose -3*o = -4*o + 16. Suppose 2*j - o = 2*c, 0*j + 3*c + 12 = j. What is the units digit of j?
6
Let c be (-13)/(-4) + (-1)/4. Suppose c*v - 2 = 1. Let g = v + 1. What is the units digit of g?
2
What is the tens digit of 1094/6 + (-2)/(-9)*3?
8
Let t be (-104)/4 + 0 - -1. Let h = -11 - t. What is the tens digit of h?
1
Suppose 68 = 2*z - 0*z. What is the units digit of z?
4
What is the units digit of 1 - -2*(-72)/(-3)?
9
Suppose -4*v + 111 = 543. Let s be v/(-20) - (-4)/(-10). Suppose 2*f + s*x = 25, 13 = 4*f + 2*x - 13. What is the units digit of f?
5
Let y(d) = 21*d**2 - 2*d + 1. Let u be y(1). Let q be (4/8)/(1/u). Suppose -35 = 5*p - q*p. What is the units digit of p?
7
Let s be 1/(-3) + 13/3. Suppose u + 5*z = 3*u + s, -z = -5*u + 13. What is the units digit of u?
3
Let u(h) = -h**2 - 11*h - 2. Let x be u(-10). What is the units digit of 20/3 + x/(-12)?
6
Suppose -31 = -4*i - 4*j + j, -25 = -5*j. What is the units digit of i?
4
Suppose 4*q = 11 + 5. Let j = q + 4. What is the units digit of j?
8
Let x(u) = -18*u**3 + u**2 + 2*u + 1. What is the units digit of x(-1)?
8
Let f(p) = p**2 + 7*p + 6. Let m be f(-6). What is the tens digit of (m + 1)*2*5?
1
Let f(z) = z**2 - 3*z. What is the units digit of f(7)?
8
Suppose -5*b + 335 = 5*v, -2*b + 13 + 131 = 4*v. What is the units digit of b?
2
Suppose -3*x + 75 = 2*z, 5*x - 2*z = x + 86. What is the tens digit of x?
2
Suppose -4*i - 2*s = -256, 346 = 3*i + 2*i - 4*s. What is the tens digit of i?
6
Let c be 4/(1 + 3/(-9)). Let l = c - 2. What is the units digit of l?
4
Suppose p + p - i = 6, 0 = i + 2. Let k = 5 - p. What is the units digit of k?
3
Let i = 0 + -3. Let g = i - -3. Let p = 2 + g. What is the units digit of p?
2
Suppose 3*k - 78 = -0*k. Let h = 8 - k. Let d = h - -26. What is the units digit of d?
8
Suppose 0 = -5*j - 3*x - 28, -27 = 5*j + 2*x - 0*x. Let b = 0 - j. What is the units digit of b?
5
Suppose 3*d = 3*r - 4*r + 145, -2*r - 249 = -5*d. What is the tens digit of d?
4
Let x = 14 - -48. Suppose 3*s - x = 46. What is the units digit of s?
6
Let d(k) = -2*k**3 + k**2. Let y be d(-2). Suppose -5*l = 20 + y. Let m = 13 + l. What is the units digit of m?
5
Let u = -5 + 9. Suppose 3*l = 2*g + 19, u*g + g + 5 = -l. Suppose 16 + 4 = l*a. What is the units digit of a?
4
Suppose 4*s - s - 6 = 0. What is the units digit of s?
2
Let v = -41 + 2. Let r = v - -67. What is the tens digit of r?
2
Let l = 153 - 92. What is the tens digit of l?
6
Let b be (-169)/9 + 14/(-63). Let y(f) = -31*f**3 + 1. Let s be y(-1). Let r = b + s. What is the units digit of r?
3
Let b = 55 + -6. What is the units digit of b?
9
Suppose -3*b - d - 18 = -3*d, -b + d - 6 = 0. Let x = b + 15. What is the units digit of x?
9
Let f(b) = -b - 1. Let d be f(0). Let q = d - -4. What is the units digit of q*(-2 - 16/(-3))?
0
Let h(q) = 18*q - 3. What is the units digit of h(2)?
3
Let i(d) be the second derivative of 4*d**3/3 - 19*d**2/2 - 8*d. What is the units digit of i(9)?
3
Let d(l) = 2*l**2 - 6*l - 34. What is the units digit of d(10)?
6
Let g be 1 + (2 - 12/3). Let w = 5 + g. Suppose -w*d - 3*t = -0*t - 28, 2*d = t + 4. What is the units digit of d?
4
Let n(c) = c**3 - 9*c**2 + 7*c + 7. Let j be n(8). Let y = j - -6. Suppose -y*q = -0*q - 30. What is the units digit of q?
6
Suppose -2*y = -w, -3*y + 6 = -3*w - 3. Suppose -5*n + 11 = -4*n. Let s = n + w. What is the units digit of s?
5
Let n(h) = 125*h**2 + 1. Let b be n(1). Suppose 0 = -3*i + b - 42. What is the units digit of i?
8
Suppose 0*h - 2 = -h. Suppose 5*r - 3*u - 150 = 0, h*r + 4*u - u = 60. Suppose 0*i - 2*z - r = -2*i, 0 = 2*z - 6. What is the tens digit of i?
1
Let l be ((2*-4)/2)/(-1). Let b = l - 3. What is the units digit of ((-3)/(-5))/(b/5)?
3
Suppose -p - s - 4*s + 284 = 0, -5*p + 1420 = -2*s. What is the tens digit of p?
8
Suppose -35 = -4*s + 125. What is the tens digit of s?
4
Suppose -2*l + 0 = 4. Let k(x) = -3*x**3 - 4*x**2 - 3*x. What is the units digit of k(l